 What is o(5)?
-3
Let l(c) = 23*c + 59. Let r(a) = a**3 - 11*a**2 + 6*a + 21. Let z be r(2). What is l(z)?
-10
Let w(h) be the third derivative of -7*h**4/24 + 5*h**3/2 - 511*h**2. Calculate w(-6).
57
Let h(p) be the first derivative of p**3 - 15*p**2/2 - 5*p + 246. Let q(l) = 10*l**2 - 44*l - 15. Let o(s) = 7*h(s) - 2*q(s). Calculate o(16).
-21
Let z(s) = 11*s + 2. Let r(p) = 48*p - 61. Let k(v) = -r(v) + 3*z(v). What is k(4)?
7
Let w = 201 + 23. Let i = w + -230. Let n(q) = -q**3 - 7*q**2 - 3*q + 7. What is n(i)?
-11
Let s(q) = 2 + 4*q - 18*q + 0*q + 9*q + 3. Let o(n) = 15*n - 10. Let x(y) = 2*o(y) + 7*s(y). Calculate x(6).
-15
Suppose 0 = -5*v + 3*k + 668, -2*v + 263 = -0*k + 3*k. Let q = v + -132. Let h(r) = 5*r. Calculate h(q).
5
Suppose 0*z - z - 2*m = 6, 0 = 2*m. Let v(o) be the third derivative of -o**4/6 - 25*o**3/6 + o**2 - 26766. Give v(z).
-1
Let f(n) = 2*n + 10. Let v be (1*(1 - 2))/((-1)/(-36)). Let m be ((-114)/(-18) + -7)/((-3)/v). Give f(m).
-6
Let k(h) = h - 13. Suppose -6*l - 14 = -80. Suppose o - 8 = -s, -5*s + 19 = -5*o - l. What is k(s)?
-6
Let d(y) = -y**3 + 5*y**2 + 17*y - 31. Let j = -7313 - -7320. What is d(j)?
-10
Let v(d) = -3*d - 103. Let b be (129/(-258))/((-1)/(-74)). Give v(b).
8
Suppose 7*v - 11 = -4. Suppose -u = -v - 1. Let j(g) = 3*g - 2 + 4 - 1 - u. Give j(-3).
-10
Let n = 14 - 19. Let u(w) be the second derivative of -1/2*w**4 - 5/6*w**3 - 1/20*w**5 - 2*w + 0 - 2*w**2. What is u(n)?
-4
Let f(n) = -61*n - 246 + 290 + 62*n. Calculate f(-12).
32
Suppose 8*h - 33 = 15. Suppose 26 = -3*d - 5*i, -2*i + i + h = -5*d. Let z(a) = 5*a - 2. Determine z(d).
-12
Let t(s) be the third derivative of s**4/24 + 7*s**3/6 - 2*s**2. Let g be (-10)/(-30)*-4 - (-11)/(-3). Calculate t(g).
2
Let k(c) = -9 + 14*c + 489*c**2 - 491*c**2 + 5*c. Determine k(6).
33
Let t(f) be the third derivative of -f**4/12 - f**3/6 + 24*f**2 + 1. Let x(o) = -7*o - 24. Let q(z) = -2*t(z) + x(z). Calculate q(-6).
-4
Let k(b) = -15*b + 186. Let a(u) = -13*u + 162. Let g(w) = -7*a(w) + 6*k(w). Determine g(1).
-17
Let l(j) = -j**3 - 18*j**2 + 3*j + 49. Let a be l(-18). Let k(q) = -3*q**2 + 9*q + 13. Let i(f) = -f**2 + 5*f + 7. Let s(p) = a*i(p) + 2*k(p). Calculate s(-6).
-3
Let s(o) = 146*o + 2*o**2 - 318*o + 27 + 157*o - 10. Calculate s(9).
44
Let c(t) = -2*t**2 + 21*t + 169. Let v be c(-5). Let b(w) = -w**2 + 24*w - 153. Determine b(v).
-13
Let z(r) = r**3 - 11*r**2 - 10*r - 17. Suppose 30*t - 756 = -24*t - 9*t. What is z(t)?
7
Let h be 2 + 0/(6 + -1). Let p(d) = d + 11 + 10*d**h - 42*d**3 + 95*d**3 - 52*d**3. Give p(-10).
1
Let y(l) = -21*l - 25. Let c = -4009 + 4006. Calculate y(c).
38
Let m be 3/(-4) - ((-43725)/(-20))/(-15). Let c(x) = -x**3 + 146*x - 4*x**2 + 2*x**2 - 2 - m*x. Determine c(-4).
26
Let b(k) = k**2 + 12*k - 11. Let u = 227 + -430. Let w = u + 191. Give b(w).
-11
Let g(c) = c**2 + 4*c - 55. Let x be g(-10). Let b(u) = -u**3 + 5*u**2 + 5*u - 11. What is b(x)?
14
Suppose 221 = -3*r - 5*i, -71 + 9 = r + 4*i. Let w = 74 + r. Let q(d) = 10 + 8 - 32 + d + 16. Calculate q(w).
-6
Let n(w) = -w**2 - 4*w - 5. Suppose 4*b + o - 10 = 5*b, -b + 2*o - 15 = 0. Let x be ((-5 - b)/(2/1))/3. Suppose g + 0*g + 4 = x. What is n(g)?
-5
Let y(o) = -24*o - 129. Let h(c) = 56*c + 296. Let a(s) = -7*h(s) - 16*y(s). What is a(-1)?
0
Let k(o) be the first derivative of -5*o**2/2 - 19*o - 1501. What is k(-7)?
16
Let b(x) = -x**3 + 120*x - 2. Let h be b(-11). Let d(o) = 3*o**2 - 29*o + 19. Calculate d(h).
1
Let i(u) = -2*u**2 + 9*u - 8. Let r = -88 + 184. Suppose -6*c = 10*c - r. Give i(c).
-26
Let l(a) = a**3 - 14*a**2 + 13*a - 8. Suppose 5*s - 9 = -z + 27, 4*z + s - 87 = 0. Suppose x + z = 34. Determine l(x).
-8
Let c(g) = 22 + 16*g + 17*g - 3*g. Let z be c(-3). Let r = -72 - z. Let l(k) = k - 5. Calculate l(r).
-9
Let z be 339 - (6 - 12/6). Let m(w) = -1007*w**3 + 336*w**3 + 8*w + 335*w**3 + 7*w**2 + 6 + z*w**3. What is m(8)?
6
Let m(b) = 30*b - 297. Suppose 0*c - 3*c - 90 = -12*c. Give m(c).
3
Let a(o) = -11*o - 3*o + 1 + o**2 + 0 + 12*o. Suppose 3*l + 0*l = 0. Suppose 4*c + 4 - 8 = l. Determine a(c).
0
Let z(r) be the second derivative of 5*r**3/6 - 3*r**2/2 + 199*r. What is z(-2)?
-13
Let l(z) = -3*z**3 + 21*z**2 + 9*z + 62. Let b(c) = -c**3 + 11*c**2 + 4*c + 31. Let v(f) = 5*b(f) - 2*l(f). Calculate v(-13).
5
Let h(j) = -1082*j**3 + 2*j**2 + 2*j + 10. Let i(t) = -451*t**3 + t**2 + t + 4. Let g(c) = -5*h(c) + 12*i(c). Calculate g(1).
0
Let k(a) = 9*a + 9. Let y(u) = 8*u + 6. Let g be ((-12)/10)/(9/30). Let i(r) = g*k(r) + 6*y(r). Give i(-2).
-24
Let c(z) = -z + 10. Let q be c(6). Suppose g + q*w - 15 = 10, -5*g + 5*w + 25 = 0. Let s(x) = 1 - 4*x + g - 7. What is s(3)?
-9
Let g(k) = 70*k + 1682. Let m be g(-24). Let t(q) be the second derivative of -2/3*q**3 - 3/2*q**m + 1/2*q**4 + 0 + 16*q - 1/20*q**5. Determine t(5).
2
Let v(i) = -5*i**2 - 21*i + 3. Let b = -3193 - -3188. What is v(b)?
-17
Let h(i) = -i**2 + 18*i + 111. Let k = 289 - 266. Determine h(k).
-4
Let u(g) = -g**2 + 52*g - 12. Let l(b) = -7*b**2 + 374*b - 84. Let p(f) = -2*l(f) + 15*u(f). Determine p(0).
-12
Let w = 44 + -35. Let u(d) = -9 - 153063*d - 9 + 153064*d. Determine u(w).
-9
Let c(d) = 3 + 15*d**2 - 2*d - 37*d**2 + 5*d**2 + 9*d**2. What is c(-3)?
-63
Let j be 14/(-8) - (-1)/(-4). Let k(l) = -104*l + 60. Let r(x) = 60*x - 34. Let o(t) = -4*k(t) - 7*r(t). Determine o(j).
6
Let d(j) be the first derivative of j**6/360 + j**4/24 + 22*j**3 - 22. Let z(y) be the third derivative of d(y). Let w = -1 + 3. Give z(w).
5
Let n(g) = g**3 - 4*g**2 + 11*g - 50. Let r be ((-128)/(-48))/(4/6). Calculate n(r).
-6
Suppose -356*y + 385*y = -348. Let l(u) = -80*u - 966. Determine l(y).
-6
Let t = 1 + 1. Let r = t + -10. Let u = r + 12. Let y(x) = -x + 5. Give y(u).
1
Let c = -10269 + 10257. Let s(v) = -v**3 - 11*v**2 + 14*v - 19. What is s(c)?
-43
Let c(v) be the first derivative of -5*v**3/3 - v**2/2 - 39*v + 292. Let w(p) be the first derivative of c(p). Let a(r) = r - 3. Let j be a(5). What is w(j)?
-21
Let f(g) = 18 + 285*g**2 - 284*g**2 - 19. Suppose -3*b + 2 = 3*v + 8, 0 = b - 3*v - 2. Calculate f(b).
0
Suppose 0 = -4*d - 5*q + 279, 5*d - 8 = 3*q + 387. Suppose 16 = 4*t + d. Let j(b) = -b**2 - 14*b + 18. Calculate j(t).
3
Let v(n) = n**2 - 8*n - 9. Let p(i) = 2*i**2 - 13*i - 16. Let t(u) = -4*p(u) + 7*v(u). Give t(6).
-59
Suppose 0*g = 2*g - 8. Suppose g*v - 20 - 8 = 0. Let k(r) = 5*r + r**2 - 2*r + 15*r - 29*r + 8 + 2*r. Give k(v).
-6
Let t(x) = 4*x**2 + 13*x + 2. Let a be t(-6). Suppose -7*d - a = 10*d. Let g(m) = -2*m**3 - 9*m**2 - 6*m - 1. Calculate g(d).
7
Let w(a) = 51*a - 280. Let d be w(9). Let b(q) = -d + q**3 + 7*q + q - 6*q + 5*q**2 + 177. Let s be ((-2)/(-5))/((-1)/5). Calculate b(s).
6
Suppose 5*k + 5*z - 15 = 0, 5*z = 5*k - 1 - 4. Suppose 2*o + 8 = k*s, 3*o - 4 = 5*o. Let w(v) = -3*v + s*v**2 + 4*v - 5*v - 2*v. Determine w(4).
8
Suppose -66*a = -61*a - 15. Let o(f) = -19*f + 21*f + 3 + 7*f**2 + f**3 - a*f**2 + f**2. Give o(-5).
-7
Suppose -13*p - 10 - 3 = 0. Let d(s) be the first derivative of 7*s**3/3 - 3*s**2/2 - 3*s - 89. What is d(p)?
7
Let q be (-21)/(-15) + (-22)/55. Let o = 4 - 2. Let v(l) = 3*l**3 - 5*l + 4*l**3 + q + 4*l - l**3 - l**o. What is v(1)?
5
Let g(q) = q**2 - 3*q - 37. Let i be -7 - ((-55)/4 + ((-40)/(-32))/(-1)). What is g(i)?
3
Let p be 5 + 0 + (-24)/8. Let k(b) = -2*b + b**2 - 5 + b + 1 - p*b. Suppose 10*m + 15 = 3*r + 8*m, 5*r - 6 = -3*m. Determine k(r).
-4
Let p be 9*((-322)/84 - -4). Let j(o) be the second derivative of 1/4*o**4 - 1/20*o**5 + 0 + p*o**2 + 1/2*o**3 - 14*o. Calculate j(4).
-1
Let u(v) be the first derivative of -v**3/3 - 3*v**2 + 1714. What is u(-12)?
-72
Let j(u) be the first derivative of -39 - 1/2*u**2 - 10*u + 1/3*u**3. Determine j(0).
-10
Let b(d) be the second derivative of -d**3/3 - 7*d**2/2 + 3*d - 451. What is b(11)?
-29
Suppose 0 = o - 9 + 16. Let k be (-401)/o + 10/(-35). Let g(m) = -7 + 2 - 56*m**3 - 5*m**2 + m + k*m**3. What is g(5)?
0
Let f = 11163 + -11202. Let s(c) = -c**2 - 43*c - 161. What is s(f)?
-5
Let r(s) be the second derivative of -s**7/2520 - s**6/240 + s**5/120 + s**4/2 + s**2/2 + 63*s. Let a(z) be the third derivative of r(z). Determine a(-4).
-3
Suppose -217 = -46*w + 77*w. Let o(z) = 7*z**3 - 12*z - 1. Let r(u) =